, what is 4 - 887705?
-887701
In base 16, what is -4feb6f - 5?
-4feb74
In base 10, what is 51 - -907?
958
In base 11, what is 7 + -376a1?
-37695
In base 13, what is -1 + 3109b?
3109a
In base 6, what is -122 + -2530?
-3052
In base 8, what is -21 - -707?
666
In base 2, what is 1110001001011100 - -11011?
1110001001110111
In base 8, what is 15431 - 350?
15061
In base 8, what is -7025 - -17?
-7006
In base 2, what is 101 + -10110101101?
-10110101000
In base 5, what is 1130204 - -4?
1130213
In base 5, what is 2041331 + -4?
2041322
In base 6, what is 2045 + -130?
1515
In base 14, what is -1b4 - -17ab?
15d7
In base 12, what is -37b1b - 3?
-37b22
In base 9, what is 2135 + -66?
2058
In base 15, what is 214da - 2?
214d8
In base 3, what is -120 - -11202202?
11202012
In base 15, what is -14b0 - 165?
-1625
In base 14, what is 8c - -3d24?
3db2
In base 10, what is -2191 + -228?
-2419
In base 16, what is -1 - 96cd?
-96ce
In base 2, what is 101010 - 111100010011?
-111011101001
In base 15, what is -1c21 + -6?
-1c27
In base 8, what is -6 + -12766?
-12774
In base 5, what is 2 - 22241230?
-22241223
In base 12, what is -34871 + 9?
-34864
In base 11, what is 45 + -3947?
-3902
In base 15, what is 5957 - 0?
5957
In base 7, what is -52 + 1011?
626
In base 7, what is -15555 + 24?
-15531
In base 8, what is 65 - 1311?
-1224
In base 10, what is 5 + 432505?
432510
In base 15, what is -121 + -20e4?
-2215
In base 13, what is 4b68b + -5?
4b686
In base 16, what is f8cb + 1b?
f8e6
In base 4, what is 10013 - -102233?
112312
In base 13, what is 4543 - 60?
44b3
In base 12, what is 8 - 2049?
-2041
In base 2, what is 1001111 - 101010001110?
-101000111111
In base 4, what is 10302233220 + 3?
10302233223
In base 7, what is 22 + -1055?
-1033
In base 13, what is -84c618 - 2?
-84c61a
In base 7, what is 15222004 - -2?
15222006
In base 8, what is 3342 - 21?
3321
In base 6, what is 15 + -5243110?
-5243051
In base 5, what is -10 - -33101?
33041
In base 15, what is 49cd0a + 2?
49cd0c
In base 3, what is -120211120011 - 0?
-120211120011
In base 9, what is 844 - 88?
745
In base 6, what is -40025041 + -3?
-40025044
In base 11, what is 4 + -11021?
-11018
In base 6, what is 411 + -2534?
-2123
In base 12, what is 3b283 + -14?
3b26b
In base 7, what is 403 - 32224?
-31521
In base 10, what is 150956 - -21?
150977
In base 16, what is -fba9c - -3?
-fba99
In base 10, what is 20 + -1495?
-1475
In base 2, what is 11001100101010110110 - 10?
11001100101010110100
In base 9, what is -4 + 250467?
250463
In base 2, what is -101 + 110100111100111?
110100111100010
In base 6, what is 50551 + -22?
50525
In base 3, what is -100121201 + -1?
-100121202
In base 9, what is 26 - -74018?
74045
In base 5, what is -111224130 + 4?
-111224121
In base 9, what is 17474 + 11?
17485
In base 6, what is 51 + -131331?
-131240
In base 3, what is 220022200001 + 1?
220022200002
In base 2, what is 1011100000000101 + 10?
1011100000000111
In base 13, what is 90 - 14131?
-14071
In base 15, what is -124b2 - 2?
-124b4
In base 10, what is 879 - -5?
884
In base 2, what is 11101111001001001 + 110?
11101111001001111
In base 12, what is -7 + -6b2b?
-6b36
In base 7, what is -2 + -64145?
-64150
In base 4, what is 1030303322 - -2?
1030303330
In base 12, what is -5 + 272a4?
2729b
In base 11, what is -762 + 54?
-709
In base 15, what is -1249d0 - -5?
-1249ca
In base 6, what is 124 + -12321?
-12153
In base 4, what is 11222 + 132122?
210010
In base 3, what is 12022 + -2111?
2211
In base 12, what is 1b65 + -4?
1b61
In base 8, what is -25745 + 635?
-25110
In base 15, what is -4 - 113ca?
-113ce
In base 13, what is -2 - -381?
37c
In base 9, what is 271 + -70?
201
In base 16, what is -31c - -6d?
-2af
In base 16, what is -d4 - -15a?
86
In base 4, what is -11 - -3003013130?
3003013113
In base 6, what is 424443 - 144?
424255
In base 11, what is 9 + 1456a?
14578
In base 11, what is -68 + -14a7?
-1564
In base 12, what is -37 + -1993?
-1a0a
In base 5, what is -12322 - -14214?
1342
In base 3, what is -1020222001 + 1021?
-1020220210
In base 10, what is 1214 + -9?
1205
In base 8, what is -523 + -167?
-712
In base 7, what is 20 - 66635?
-66615
In base 14, what is 323 - 428?
-105
In base 12, what is 47a43 + 11?
47a54
In base 8, what is 5603 - 242?
5341
In base 12, what is 6 + -18996?
-18990
In base 10, what is 468718 + 5?
468723
In base 6, what is 11 - 14042252?
-14042241
In base 14, what is 77732 + -5?
7772b
In base 14, what is 4876c1 - 0?
4876c1
In base 6, what is 3113 + 1051?
4204
In base 7, what is 44446005 - 2?
44446003
In base 7, what is 143 + 11024?
11200
In base 13, what is -3 - -1715c?
17159
In base 11, what is -15347 + 5?
-15342
In base 6, what is -53 + -130342?
-130435
In base 13, what is -16c6 - 38?
-1731
In base 3, what is 111 + -1010112222?
-1010112111
In base 12, what is -504a - -3a2?
-4868
In base 16, what is a2 + 57d?
61f
In base 4, what is -1 - -10000331222?
10000331221
In base 3, what is -201 + -1101012?
-1101220
In base 11, what is -210 + -14?
-224
In base 12, what is -203b2a - -13?
-203b17
In base 7, what is -14 + -2011221?
-2011235
In base 15, what is 1ad02c + 1?
1ad02d
In base 12, what is -90 - 2b?
-bb
In base 6, what is -1445 + 1130?
-315
In base 14, what is 3 + -7824?
-7821
In base 2, what is -101 - -1011111010001000?
1011111010000011
In base 8, what is 2 - 1135?
-1133
In base 5, what is -30044 + -1403?
-32002
In base 11, what is -4 + -14a48?
-14a51
In base 3, what is -12 - 10000202110?
-10000202122
In base 7, what is -231 - 1401?
-1632
In base 15, what is -3 + 31b5?
31b2
In base 9, what is 75288 + 4?
75303
In base 8, what is 3 - -1236252?
1236255
In base 16, what is -3 + -833?
-836
In base 12, what is -5 + 28149?
28144
In base 16, what is 27 - -8cf0?
8d17
In base 14, what is -3 + 198ad?
198aa
In base 3, what is -22101001 + 211021?
-21112210
In base 16, what is 9f43b - -4?
9f43f
In base 12, what is -2536b29 - -4?
-2536b25
In base 12, what is 0 + 227617?
227617
In base 15, what is -b43 + d?
-b35
In base 7, what is 1411 - -3551?
5262
In base 3, what is -11000 + 122020002?
122002002
In base 15, what is -1eb38 - -1b?
-1eb1c
In base 15, what is -117a + 13?
-1167
In base 11, what is -1421 + 55?
-1377
In base 13, what is 6ca2 - -c0?
7092
In base 14, what is 5 + 6c1?
6c6
In base 3, what is -100221020212 + -11?
-100221021000
In base 6, what is -112 + -234?
-350
In base 7, what is -51 - -113342?
113261
In base 5, what is 1213322 - -11?
1213333
In base 14, what is 2561 + -1d?
2542
In base 15, what is -6 - -20c7d?
20c77
In base 5, what is -32312 - -124?
-32133
In base 11, what is 27 + -8472?
-8446
In base 2, what is 1000110011101110 + 1?
1000110011101111
In base 6, what is 5 - -200504?
200513
In base 12, what is 2 + -4371?
-436b
In base 8, what is 1 + -37606?
-37605
In base 4, what is 21331 - -3133?
31130
In base 4, what is -1 - -10233122200?
10233122133
In base 11, what is 39538 + 4?
39541
In base 2, what is 110001010001 - -100110010?
110110000011
In base 11, what is -48 - -10802?
10765
In base 15, what is 49d + 16?
4b4
In base 16, what is 0 - 18849?
-18849
In base 14, what is 5643b + -5?
56436
In base 3, what is 1202 - -100120212?
100122121
In base 9, what is -184786 - 4?
-184801
In base 10, what is -186 + -1845?
-2031
In base 10, what is -144225 + 5?
-144220
In base 14, what is -11229 + -33?
-1125c
In base 7, what is 335510 - 1?
335506
In base 14, what is 6c0b10 + 4?
6c0b14
In base 8, what is -1673 - 2134?
-4027
In base 15, what is 76d8 + 3?
76db
In base 3, what is 11 + -210100121?
-210100110
In base 4, what is 223320023 - 11?
223320012
In base 2, what is 10001001100101000 + -11?
10001001100100101
In base 4, what is -130313 - -1133?
-123120
In base 2, what is -1011 - -1000000111010?
1000000101111
In base 16, what is -3e1aa + -b?
-3e1b5
In base 13, what is 4c23 - -73?
4c96
In base 7, what is 164 + 6?
203
In base 7, what is 0 + 21630?
21630
In base 12, what is -27 - 5a?
-85
In base 4, what is 2323112 - -21?
2323133
In base 6, what is -103445 + 22?
-103423
In base 9, what is -28 - 2743?
-2772
In base 11, what is -649 + 146?
-503
In base 4, what is -10230 + 11021?
131
In base 6, what is 31410 - 423?
30543
In base 6, what is -2425013 - 4?
-2425021
In base 4, what is 1002021 - 311?
1001110
In base 9, what is -41325 - 14?
-41340
In base 7, what is -2 - -54630?
5